 5, 59, 173
What are the prime factors of 250377?
3, 83459
List the prime factors of 9122620.
2, 5, 13, 2699
What are the prime factors of 4391?
4391
What are the prime factors of 173015?
5, 34603
List the prime factors of 490640.
2, 5, 6133
List the prime factors of 130867.
11, 11897
List the prime factors of 3978335.
5, 795667
List the prime factors of 2204911.
43, 47, 1091
What are the prime factors of 848840?
2, 5, 21221
List the prime factors of 344635.
5, 68927
List the prime factors of 283371.
3, 11, 31, 277
List the prime factors of 869551.
869551
List the prime factors of 3317119.
13, 47, 61, 89
List the prime factors of 26960.
2, 5, 337
What are the prime factors of 1044585?
3, 5, 139, 167
List the prime factors of 40760028.
2, 3, 1132223
List the prime factors of 439998.
2, 3, 13, 5641
List the prime factors of 407596.
2, 7, 14557
What are the prime factors of 215510?
2, 5, 23, 937
What are the prime factors of 1976750?
2, 5, 7907
List the prime factors of 3646950.
2, 3, 5, 41, 593
List the prime factors of 16627164.
2, 3, 293, 4729
What are the prime factors of 679260?
2, 3, 5, 11321
What are the prime factors of 737336?
2, 37, 47, 53
What are the prime factors of 3625140?
2, 3, 5, 31, 1949
List the prime factors of 6455729.
7, 922247
What are the prime factors of 503544?
2, 3, 20981
List the prime factors of 12044786.
2, 13, 463261
List the prime factors of 2609183.
157, 16619
What are the prime factors of 10628845?
5, 107, 19867
List the prime factors of 6294815.
5, 97, 12979
What are the prime factors of 355349?
269, 1321
List the prime factors of 28768893.
3, 241, 39791
What are the prime factors of 4258150?
2, 5, 13, 6551
List the prime factors of 109463.
17, 47, 137
What are the prime factors of 12296668?
2, 3074167
List the prime factors of 3958793.
31, 127703
List the prime factors of 221536.
2, 7, 23, 43
List the prime factors of 3714082.
2, 19, 43, 2273
What are the prime factors of 2129975?
5, 85199
List the prime factors of 36866.
2, 18433
List the prime factors of 1453947.
3, 11, 44059
List the prime factors of 343611.
3, 73, 523
What are the prime factors of 44289?
3, 7, 19, 37
List the prime factors of 9461461.
9461461
What are the prime factors of 1562402?
2, 17, 45953
What are the prime factors of 323872?
2, 29, 349
What are the prime factors of 2147861?
2147861
List the prime factors of 517196.
2, 239, 541
What are the prime factors of 619127?
113, 5479
What are the prime factors of 3769962?
2, 3, 7, 12823
What are the prime factors of 912041?
13, 70157
What are the prime factors of 41187?
3, 13729
What are the prime factors of 11212240?
2, 5, 13, 10781
List the prime factors of 493993.
493993
What are the prime factors of 219518?
2, 13, 8443
List the prime factors of 36519660.
2, 3, 5, 22543
List the prime factors of 810664.
2, 101333
List the prime factors of 5761528.
2, 83, 8677
What are the prime factors of 15615047?
7, 2230721
List the prime factors of 1737283.
557, 3119
What are the prime factors of 272854?
2, 227, 601
List the prime factors of 709646.
2, 7, 173, 293
What are the prime factors of 108830?
2, 5, 10883
What are the prime factors of 1328847?
3, 13, 2621
List the prime factors of 193903.
97, 1999
What are the prime factors of 533671?
533671
What are the prime factors of 4410925?
5, 53, 3329
List the prime factors of 285507.
3, 31723
What are the prime factors of 779793?
3, 7, 71, 523
What are the prime factors of 3300048?
2, 3, 7639
What are the prime factors of 12936606?
2, 3, 19, 37, 3067
What are the prime factors of 6542223?
3, 2180741
List the prime factors of 321484.
2, 179, 449
List the prime factors of 433866.
2, 3, 167, 433
What are the prime factors of 5889337?
467, 12611
What are the prime factors of 674659?
23, 29333
What are the prime factors of 12713698?
2, 19, 17609
List the prime factors of 12870.
2, 3, 5, 11, 13
What are the prime factors of 1098998?
2, 19, 28921
What are the prime factors of 4362530?
2, 5, 436253
List the prime factors of 206089.
13, 83, 191
List the prime factors of 149284.
2, 37321
What are the prime factors of 33381?
3, 3709
List the prime factors of 7830002.
2, 1511, 2591
What are the prime factors of 2773704?
2, 3, 115571
List the prime factors of 184941.
3, 20549
What are the prime factors of 1487058?
2, 3, 17, 61, 239
What are the prime factors of 4213561?
11, 383051
List the prime factors of 30139337.
30139337
List the prime factors of 4549966.
2, 359, 6337
List the prime factors of 153503.
7, 21929
List the prime factors of 3392235.
3, 5, 7, 11, 89
List the prime factors of 202806.
2, 3, 19, 593
List the prime factors of 374732.
2, 93683
What are the prime factors of 320500?
2, 5, 641
What are the prime factors of 137140?
2, 5, 6857
List the prime factors of 221599.
7, 31657
What are the prime factors of 5112662?
2, 2556331
What are the prime factors of 2561588?
2, 401, 1597
List the prime factors of 339917.
23, 14779
What are the prime factors of 29434651?
919, 32029
What are the prime factors of 7867177?
433, 18169
List the prime factors of 179853.
3, 59951
List the prime factors of 31108830.
2, 3, 5, 47, 22063
List the prime factors of 243273.
3, 83, 977
What are the prime factors of 1314042?
2, 3, 389, 563
What are the prime factors of 10593339?
3, 3531113
What are the prime factors of 140595?
3, 5, 7, 13, 103
What are the prime factors of 1083?
3, 19
List the prime factors of 2239826.
2, 1119913
What are the prime factors of 310109?
23, 97, 139
What are the prime factors of 7536815?
5, 11, 13, 83, 127
What are the prime factors of 957934?
2, 478967
List the prime factors of 589472.
2, 13, 109
List the prime factors of 246235.
5, 11, 37
What are the prime factors of 7710716?
2, 13, 79, 1877
What are the prime factors of 19395912?
2, 3, 17, 137, 347
What are the prime factors of 347729?
347729
List the prime factors of 537966.
2, 3, 11, 13, 19
What are the prime factors of 115632?
2, 3, 11, 73
List the prime factors of 2905170.
2, 3, 5, 179, 541
List the prime factors of 510384.
2, 3, 7, 31
List the prime factors of 319925.
5, 67, 191
What are the prime factors of 7620092?
2, 1905023
List the prime factors of 640249.
640249
List the prime factors of 9342928.
2, 7, 17, 701
List the prime factors of 18521670.
2, 3, 5, 17, 23, 1579
List the prime factors of 904293.
3, 13, 59, 131
What are the prime factors of 3821379?
3, 17, 74929
What are the prime factors of 19967343?
3, 11, 605071
List the prime factors of 95723.
95723
What are the prime factors of 138630?
2, 3, 5, 4621
What are the prime factors of 5253959?
23, 29, 7877
List the prime factors of 21644.
2, 7, 773
What are the prime factors of 340532?
2, 85133
What are the prime factors of 85561?
7, 17, 719
What are the prime factors of 7291652?
2, 409, 4457
What are the prime factors of 9027695?
5, 61, 29599
What are the prime factors of 9246108?
2, 3, 127, 6067
What are the prime factors of 36795?
3, 5, 11, 223
What are the prime factors of 229316?
2, 57329
What are the prime factors of 1240208?
2, 77513
What are the prime factors of 11087456?
2, 421, 823
What are the prime factors of 410015?
5, 82003
List the prime factors of 1815359.
7, 13, 19949
List the prime factors of 1649626.
2, 11, 167, 449
List the prime factors of 1535408.
2, 7, 13709
What are the prime factors of 1315223?
7, 13, 97, 149
List the prime factors of 3607624.
2, 97, 4649
What are the prime factors of 717498?
2, 3, 43, 103
List the prime factors of 218764.
2, 7, 13, 601
List the prime factors of 206120.
2, 5, 5153
What are the prime factors of 663937?
663937
What are the prime factors of 488944?
2, 30559
What are the prime factors of 1389580?
2, 5, 17, 61, 67
List the prime factors of 19070594.
2, 9535297
List the prime factors of 28165586.
2, 14082793
What are the prime factors of 15936909?
3, 5312303
List the prime factors of 11726520.
2, 3, 5, 13, 7517
What are the prime factors of 3543950?
2, 5, 70879
List the prime factors of 199529.
11, 17, 97
What are the prime factors of 23990012?
2, 23, 260761
List the prime factors of 188847.
3, 20983
List the prime factors of 254059.
13, 19543
What are the prime factors of 6277527?
3, 43, 5407
List the prime factors of 5213818.
2, 37, 70457
List the prime factors of 229379.
23, 